3*x**2. Give b(4).
-6
Let w(b) = -9*b**2 + 0*b**3 - 2*b - 8*b**3 + 4 + 5*b**2 + 7*b**3. Suppose 0 = m + x - 2, 3*m = -2*m + 2*x - 25. What is w(m)?
1
Let p(r) = -2 - 1 + 1 + r - 3. Let q be 2 + 1 + (-2 - -3). Calculate p(q).
-1
Suppose -2*i - 100 = -7*i. Let r = i + -19. Let w(f) = -9*f**2 - f + 1. Calculate w(r).
-9
Let p(m) = -m**3 + m**2 - 7*m**2 - 6 + 0. Determine p(-6).
-6
Let t(f) = f**3 - 2*f**2 - 2*f - 2. Let m = 11 + -15. Let c be 6*1/m*-2. What is t(c)?
1
Let b be (-5)/20 + (-7)/4. Let u(c) = -c + 1. What is u(b)?
3
Let o(p) = p**3 + p**2 - 5. Let a(z) = -z**2 + 7*z + 8. Let u be a(7). Suppose 4*n = -3*b - 8, -4*b + 2 = 3*n + u. Calculate o(b).
-5
Let c = 134 - 140. Let i(g) = 5*g - 4. Give i(c).
-34
Let j(k) = -3. Let u(z) = z + 4. Suppose -2*f = 3*p - 1, p + 2*f = 5 + 2. Let b(v) = p*u(v) - 5*j(v). Give b(3).
-6
Suppose 2*p + 0*p - 4 = 0. Let y = 0 - -1. Let t(d) = d - 2*d - d + d**p - y. Calculate t(3).
2
Let k(r) = -1. Let m(v) = v**2 + 8. Let t(i) = -2*k(i) - m(i). Suppose 3*b = 5*h + 21, 10 = -h - h + 2*b. Let j be (-2 - (1 + h))/1. What is t(j)?
-6
Let w(a) = 3*a - 7. Let d(o) = -o - 6. Let m be d(-5). Let f(q) = q - 1. Let l(u) = m*w(u) + 4*f(u). Determine l(-4).
-1
Suppose -z = 3 + 5. Let y(k) = 11*k - 5*k**2 - 2*k**3 + 14*k**2 + 8 + 3*k**3 - 2*k. Give y(z).
0
Suppose y = 5*y - 8. Let a = y + -4. Let z(w) be the third derivative of -w**4/6 - w**3/3 + 4*w**2. What is z(a)?
6
Let p be -6*2*-3*3/(-18). Let d(t) = 2*t**2 + 8*t - 1. Calculate d(p).
23
Let b be (-2 - -1 - 0)*-5. Let y be (b/10)/(2/16). Let m(h) = h**2 - 4*h - 5. Determine m(y).
-5
Let t(r) = 5*r**2. Let g(m) = -m**3 - 11*m**2 - 11*m - 9. Let i be g(-10). What is t(i)?
5
Let p = -3 + 6. Suppose 2*z + 6 = 18. Let h = z - p. Let t(x) = -x**2 + x + 1. What is t(h)?
-5
Let g(y) = y**2 - 5*y - 2. Let b be g(6). Let s(p) = -4*p**2 - 3 + 4 + p + 3*p**2 - b*p. Determine s(-3).
1
Let u(a) be the second derivative of -a**4/12 + 2*a**3/3 + a**2/2 + 3*a. Let c = 44 - 39. What is u(c)?
-4
Let z(r) = -r**2 + 10. Let w(h) = -2*h + 8. Let p be w(8). Let v = p - -8. What is z(v)?
10
Let r(h) = -8*h + 2. Suppose -7 - 7 = -k. Let l = 16 - k. What is r(l)?
-14
Let m(k) = k**2 - 2*k - 5. Let l be m(4). Let q(a) = -7 + 4 - a + l*a**2 + 1. Calculate q(2).
8
Let t(d) = d**2 - d + 6. Suppose -14 = -4*k + 2*o, -k - 35 = -5*k - 5*o. Suppose q - k*q + 5*a = 4, -2*a = 0. Let r = q - -1. What is t(r)?
6
Let f(r) be the third derivative of r**6/240 + r**4/6 - r**2. Let x(p) be the second derivative of f(p). Determine x(2).
6
Let u be (2/(-4)*-5)/(185/148). Let f(l) = 3*l**2 - 2*l + 3. Calculate f(u).
11
Let o(b) = 6*b**3 - b**2 + 10*b - 6. Let s(p) = -p**3 + p + 2*p**3 + p**2 + 0*p**2. Let k(a) = -o(a) + 5*s(a). Let g be (-27)/(-5) + 8/(-20). What is k(g)?
6
Let b(w) be the third derivative of w**6/120 + w**5/15 - w**4/12 + w**3/6 - 3*w**2 + 8. Determine b(-5).
-14
Let q(n) be the second derivative of n**3/2 + 9*n**2/2 - 12*n. Give q(-6).
-9
Let a = 58 + -56. Suppose 0 = -3*l + 2*w + 6, -5*l + 0 = 3*w - 10. Let h(k) = -3 - 2*k**2 + 3*k**l + 0*k**a - k - 2*k**2. Give h(0).
-3
Let c(t) = 0*t**3 + 23 - 2*t + 0*t**2 - 5*t**2 - t**3 - 28. Determine c(-4).
-13
Let c(a) = -a**2 + 7*a - 4. Let i be (-840)/(-135) + 2/(-9). What is c(i)?
2
Let n(t) = 2*t**2 - 4*t + 1. Suppose -5*v - 25 = 0, -5*v + 2*v - 45 = -5*d. Suppose 2*m = d*l - l, 0 = 5*l + 3*m. Suppose 0*h + h - 3 = l. What is n(h)?
7
Let m(i) be the third derivative of i**8/6720 - i**7/1260 + i**5/120 + i**4/8 + 2*i**2. Let w(t) be the second derivative of m(t). What is w(-2)?
-15
Let b(f) = 2*f**2 + 10*f - 2. Let k(q) = q + 1. Let j(n) = -5*n - 4. Let d(a) = j(a) + 4*k(a). Let s(m) = b(m) + 10*d(m). What is s(-2)?
6
Let a(y) be the second derivative of y**4/12 + y**3/6 + 3*y**2/2 - 11*y. Suppose 0 = -3*u - 7 + 16. Suppose u*f + 10 = 5*b, 3*f = -0*f - 4*b + 8. What is a(f)?
3
Let a(o) = -o - 2. Let w be a(5). Let t(h) = -17*h**3 + 7*h**2 + 9 + 5*h**3 + 7*h**3 + 6*h**3. Calculate t(w).
9
Let i(d) = -d**2 + d + 1. Let t(o) = -4*o**2 - 4*o + 5. Let h(y) = -3*i(y) + t(y). What is h(-5)?
12
Suppose 0 = 4*p + 4*c + 52, 4*c = 4*p + 5*c + 37. Let k = p - -13. Let l(m) = 4*m**2 + 6*m - 1. Let n(z) = -z**3. Let w(i) = l(i) + n(i). What is w(k)?
4
Suppose -5*p + 15 = -5*j, j + 0 = 5*p - 15. Let n(l) be the first derivative of 0*l**2 - 8*l + 3 + 0*l**p + 1/4*l**4. Calculate n(0).
-8
Let c(r) = -r**3 + r**2 + r + 2. Let o be c(2). Suppose o = 5*q + 3*z - 31, -19 = -10*q + 5*q + 3*z. Let u(t) = -t**3 + 4*t**2 + 5*t. Determine u(q).
0
Let k(p) be the second derivative of -p**6/360 - p**5/30 - p**4/12 - 5*p**3/6 - 5*p. Let b(f) be the second derivative of k(f). What is b(-3)?
1
Let y(j) be the first derivative of -j**3/3 - j - 5. Let c be (6 - 7)*1*-5. Suppose 0 = 2*w - 3*o - 3 + 6, 9 = -2*w + c*o. What is y(w)?
-10
Let i(l) = -2*l + 8. Let n(a) = -a - 5. Let w be n(4). Let f = w - -10. Let k(m) = -m + 1. Let b(r) = f*i(r) - 3*k(r). What is b(0)?
5
Let p(a) = -a**2 - 3 + 1 + 3. Give p(-2).
-3
Let j(c) be the first derivative of -c**4/2 - 2*c**3/3 + c**2/2 + 22. Calculate j(1).
-3
Let x(u) = u**2 - u + 1. Let v(n) = 2*n**2 - 7*n - 6. Let p(y) = -v(y) + x(y). Determine p(8).
-9
Let g(p) = 6*p**3 + 7*p**2 - 7*p + 2. Let y(o) = 5*o**3 + 6*o**2 - 6*o + 1. Let z(w) = -6*g(w) + 7*y(w). Give z(0).
-5
Let q(h) be the second derivative of -h**4/12 + 5*h**3/6 - h**2/2 - 6*h. Let y(b) = -4*b**2 - 4*b + 2. Let o be y(3). Let w be o/(-8) - 3/(-12). What is q(w)?
-7
Let g(y) = -y**2 + y + 5. Let r be g(-3). Let j(l) = -l**2 - 5*l + 7. Determine j(r).
-7
Let a(s) = -2 - 3 + s + 4. Suppose 4*f - 45 = -5*n, 0*f + 4*f - 10 = 2*n. Give a(f).
4
Let w(z) = -7*z**2 + 8*z**2 - 6*z + z**3 + 3*z**2. Determine w(-5).
5
Let x(i) = i - 3. Suppose g = -3*g + 12. Suppose -2*b = g*b. Suppose 4*f + z + 4 = -b*z, -16 = 5*f + 4*z. Calculate x(f).
-3
Let l(z) = -z**3 + z**2 + 5. Let v(w) = w**3. Let k(b) = l(b) + 2*v(b). Suppose -4*g - t + 57 = 0, 2*t = -1 + 3. Let o = g - 14. Calculate k(o).
5
Let x = 101 + -105. Let t(j) = j**2 + 4*j - 5. Determine t(x).
-5
Let l(c) = -1411*c**3 + 1410*c**3 + 9 + 3*c + 11*c**2 - 13*c. Give l(10).
9
Let c(k) = -k**2 - 5*k - 5. Let m be 2 - 3/(-3)*2. Suppose s = -s - m. Let a be -2 + 2/2*s. Calculate c(a).
-1
Let d(j) = -2*j**3 - 2*j**2 + 3. Let o(y) = -10*y**3 - 11*y**2 + 16. Let c be ((-11)/(-3))/((-3)/(-9)). Let r(m) = c*d(m) - 2*o(m). Determine r(-1).
3
Let o(d) = -2*d**2 + 1. Let z = -1 + -1. Let r be (z/4)/((-1)/2). Calculate o(r).
-1
Suppose -2*p + o + 3*o = -28, -3*p - 2*o + 10 = 0. Let r = -10 + p. Let y(a) = a**3 + 2*a**2 - 6*a - 4. Calculate y(r).
-12
Let g(v) be the third derivative of 0 + 0*v + 1/6*v**3 - v**2 + 1/6*v**4. Suppose 0 = z - 2*q, -5*q + 2*q + 5 = -4*z. Determine g(z).
-7
Let n(m) be the first derivative of -7*m**3/3 + m - 3. Let r be n(-1). Let a(g) = -g**2 - 5*g + 7. Determine a(r).
1
Let n(y) = 2*y**3 + 7*y**2 + 12*y - 11. Let x(f) = f**3 + 3*f**2 + 6*f - 5. Let k(g) = 6*n(g) - 11*x(g). What is k(-8)?
5
Let c(d) = d**2 + d + 3. Let l be c(0). Suppose 2*o + 6*g - 3*g = -5, -g - 9 = -l*o. Let t(a) = -3 + 3*a + 2 - a**o - 1. Give t(4).
-6
Let v(j) = -2*j + 4*j - j**2 - 3 - j. Let l be 13/5 + (-2)/(-5). Suppose -l*d = -5*d. Calculate v(d).
-3
Suppose 5*q = -3*v - 21, -q - 9 = 5*v + 4. Let s(i) be the second derivative of i**5/10 + i**4/3 + i**3/2 + i**2/2 - 55*i. Give s(v).
-5
Let o = -2 + -2. Let n(g) be the second derivative of -g + 2/3*g**3 + 0 + 1/12*g**4 + 3/2*g**2. Determine n(o).
3
Suppose -4*k - 5*a + 134 = 0, -4*k + 2*a + 50 = -98. Suppose 5*p = 1 - k. Let r(u) = -u**2 - 8*u - 10. What is r(p)?
-3
Let w be (-1)/((-8 + 4)/(-96)). Let a = 22 + w. Let o(u) = u**3 + 2*u**2 + 2. Calculate o(a).
2
Let k(v) = -3*v**3 + v**2 - 2*v + 1. Let c be 23/161 - (-6)/7. Give k(c).
-3
Let q(p) = -2*p + 5*p**2 - 11*p**3 + 28 + 10*p**3 - 21. What is q(5)?
-3
Let d(g) = 3*g + 8. Let h be d(-4). Let c = h + 6. Let i(v) = -3*v**2 - 1. Determine i(c).
-13
Let a(r) = 2*r**2 - 3 + 2 + 3 + 0 + 6*r. Let v(u) = 3*u**2 + 11*u + 3. Let t(f) = -5*a(f) + 3*v(f). Let x be (-2)/(-1) + -2 - -2. What is t(x)?
1
Suppose 0*l = -5*l + 3*p + 10, -3*l = 2*p - 6. Let m(j) = -5*j**2 - 7*j + 12*j**2 + l*j**3 - 3*j**3 + 5. Determine m(6).
-1
Suppose -2*c + 13 = 3*q, -2*c +